mine q(b).
-11
Let s(w) = 10*w**3 - w. Let f be (-2 - -3)/(6 + -5). Calculate s(f).
9
Suppose 4*n + 13 = -7. Let y(t) = -t - 3. Calculate y(n).
2
Let x(n) = 29*n + 2 + 33*n - 61*n. Let r be 2*(1/(-1) - -2). Let b be 84/(-15) + r/(-5). Determine x(b).
-4
Suppose 0 = 2*u - 5*l - 16, 6 = 4*l + 22. Let h(w) = 2*w - 1. What is h(u)?
-5
Let d(n) = -n**2 + 2. Let c(v) = -8*v - 3. Let s(q) = 4*q + 1. Let j(x) = 2*c(x) + 5*s(x). Let k be j(1). What is d(k)?
-7
Let m = 10 + -9. Let k(g) = g**3 - g**2 + g - m - g**2 - 4*g. Suppose 4*i + 5*z = -8, 2*z - 6 = -4*i - 2. Determine k(i).
-1
Let v(f) = -f**3 - 11*f**2 + 13*f + 17. Suppose -3 = -10*z - 123. Give v(z).
5
Let s(i) = 3*i**2 + 4. Let k(m) = -m**2 - 1. Let l(c) = 6*k(c) + s(c). Let v(d) = -d**2 - d - 1. Let q(t) = -l(t) + v(t). Give q(-2).
11
Let p = -7 + 10. Suppose q = p*q + 10. Let w(v) = -2*v - 3. What is w(q)?
7
Let q(l) = 2*l - 4. Let t(r) = 3*r**2 - r + 2. Let n be t(1). What is q(n)?
4
Let o(l) = l**3 - 2*l**2 + 4. Let k(a) be the first derivative of a + 2. Let r(v) = -3*k(v) + o(v). What is r(1)?
0
Let r(i) = 3*i**2 - 11*i + 1. Let v be r(4). Let a(m) = -m**3 + 5*m**2 - 3*m + 2. Calculate a(v).
-13
Let u(p) = -p**3 + 4*p**2 + 3*p + 5. Let n(m) = m**2 + 3*m + 8. Let d be n(-7). Let a = d + -18. Let g be 188/36 + (-4)/a. What is u(g)?
-5
Let k(v) be the second derivative of -v**4/12 + 7*v**3/6 - 2*v**2 + 2*v. Let i = -17 + 23. Determine k(i).
2
Let p(x) = x**2 + 1. Suppose a + a + c + 7 = 0, 2*a + 27 = -5*c. Let b be (-1*(-1)/a)/1. What is p(b)?
2
Let y = -10 - -14. Let c(t) = t**3 - 3*t**2 - 3*t + 1. Let k be c(y). Let i(r) = -r**2 + 5*r - 1. Calculate i(k).
-1
Let x(w) = -3*w + 2. Suppose 12 = -0*i - 2*i. Let n(g) = -7*g + 5. Let v(h) = i*n(h) + 15*x(h). Determine v(-1).
3
Let b(m) be the first derivative of -2*m - 1/4*m**4 - 3*m**2 - 5/3*m**3 - 1. Determine b(-4).
6
Let f(v) = -v + 92 - 92. Suppose 3 = -t - z, 17 - 45 = -4*t + 4*z. Suppose l + t = -1. Calculate f(l).
3
Let v(a) be the first derivative of 3*a + 2 + 1/4*a**4 + 0*a**2 + 0*a**3. Determine v(0).
3
Let b(z) = z**2 - 2*z - 1. Let p be b(3). Let l be (p - 2)/(5 - 3). Let u(t) = t**2 + t - 5. Determine u(l).
-5
Let v(s) = 8*s**2 + s + 2. Let t(p) = p**2 + 1. Let f(g) = 6*t(g) - v(g). Let h(m) be the first derivative of f(m). What is h(3)?
-13
Let y be -1*(-3)/(2 - 5). Let k(z) = -z. Let d be k(-2). Let r(i) = -3*i + i - d*i. Give r(y).
4
Let t(i) be the third derivative of -i**5/20 + i**4/24 + i**3/6 - i**2. Let x be (10/(-8))/(3/(-12)). Let b be (2 - x) + 1*2. What is t(b)?
-3
Let c(r) = -r**3 + 7*r**2 - r + 4. Let f(l) = 3*l**2 - 2*l - 1. Let v be f(2). What is c(v)?
-3
Let w(f) = 4 + 0 - 5*f + 3*f. Suppose 3*u - 3 = -15. Let p = u + 7. Give w(p).
-2
Let m(p) be the second derivative of p**7/2520 - p**6/180 - 7*p**5/120 + p**4/4 + 6*p. Let v(x) be the third derivative of m(x). Let c = 9 - 4. What is v(c)?
-2
Let y(k) = k**3 + 3. Let l be y(0). Let f(v) = -2*v - 3 + l. Let z = -3 - 0. Calculate f(z).
6
Let c(h) = 6*h - 6. Let j(z) = z - 1. Let m(t) = -c(t) + 5*j(t). Suppose -3*r = -2*r + 8. Let x = 5 + r. Determine m(x).
4
Let i be 4/(-14) - (-208)/(-56). Let x(b) = b**3 + 5*b**2 + 2*b + 2. Calculate x(i).
10
Let v(m) be the first derivative of m**2/2 - 6*m + 1. Let b = 37 - 25. Let h = 17 - b. Calculate v(h).
-1
Suppose -15 = 3*t, 0 = 3*b + b + 4*t + 8. Suppose -d + b*d = 0. Suppose 4*a + 3 = -9, d = -5*y + 2*a + 11. Let u(l) = 5*l**2 - 2*l + 1. What is u(y)?
4
Let y(m) = 19*m**3 - m**2 - m - 1. Suppose 54 = 2*q + 56. Calculate y(q).
-20
Let c(x) = -6*x**2 - 9*x + 1. Let g(s) = -s**2 - s + 1. Let m(p) = c(p) - 4*g(p). What is m(-3)?
-6
Let b be 2*(9/(-6))/(-1). Let f = 1 + 2. Let k(r) = 3*r + 2 + 3*r - f*r. What is k(b)?
11
Let r(h) = h**2 + 6. Let b(g) = -3*g**2 - g - 18. Let q(c) = 6*b(c) + 17*r(c). Suppose 2*x = -2*x - i - 45, 4*i + 4 = 0. Let j = x - -6. Give q(j).
-1
Suppose -3*g - 3*f - 33 = -7*g, 3*f = -9. Let v(o) be the third derivative of -o**5/60 + 7*o**4/24 + o**3 - 6*o**2. Give v(g).
12
Let v(m) = -6*m - 8. Let f(r) = 5*r + 4. Let l(c) = -6*c - 4. Let i(j) = -3*f(j) - 2*l(j). Let z(y) = 13*i(y) - 6*v(y). Give z(-5).
11
Let i = 3 - 6. Let m(l) = -12 + 8 + 5*l - 7*l. Give m(i).
2
Let h(t) be the first derivative of -t**4/4 - 2*t**3/3 + t**2 + t + 1. Let r be (2 - 4) + (1 - 2). Determine h(r).
4
Let x be 4*(-1)/2 + 4. Suppose -o + x*l + 11 = -2*l, -10 = -2*o + 2*l. Let p(f) = 0 - f + f**2 - 1 + 0. Calculate p(o).
5
Let u(s) = 7*s - 5 - 22*s + 5*s + 12*s. Calculate u(4).
3
Let r(v) = -v**2 + 3*v + 3. Let t(p) = -p**2 - 6*p - 4. Let y be t(-4). Suppose y*g + 4*x = 44, 34 = 5*g - 2*x - 0*x. Let m be 1*g*2/4. Calculate r(m).
-1
Let x be 8/((-12)/(-3)) - -4. Let k(l) = 2*l - 3. Determine k(x).
9
Let t(u) = u + 4. Let l be t(-4). Suppose f - 17 = 5*j + 2*f, -2*j + 5*f - 23 = l. Let o(v) = v**3 + 5*v**2 + 3*v - 3. What is o(j)?
1
Let m(s) = -7*s**3 - 10*s**2 + 12*s - 8. Let a = -1 - -4. Let u = -4 + a. Let y(i) = -i**3 - i**2 + i - 1. Let k(t) = u*m(t) + 6*y(t). Calculate k(-5).
7
Let b(k) = -6*k - 1. Suppose l = -6 - 0. Let q(y) = 7*y + 1. Let d(p) = l*b(p) - 5*q(p). What is d(-2)?
-1
Suppose 4 = 4*x - 3*x. Let j(o) = x + 2 + o - 4 - 5. Calculate j(0).
-3
Let d(v) = v**2 + 9*v + 1. Let h be d(-9). Let a(k) = 5*k**2 - 1. Determine a(h).
4
Suppose -i + 11 = 2*n, -n = i - 0*i - 9. Let t(r) = 3*r - 5*r + r - 12 + 22. Give t(i).
3
Let z(t) = t**2 - t - 6. Let s(g) = -g**3 - 9*g**2 + 11*g + 6. Let d be s(-10). Let r be 1/(d/80*-4). Calculate z(r).
14
Let b(a) = -a - 9. Let f(y) be the second derivative of y**3/6 - 7*y**2/2 + 3*y. Let t be f(7). What is b(t)?
-9
Let j(w) = 2*w - 7. Let s be j(6). Let v(b) = -2*b**3 + 2*b**2 + b. Let k be v(-1). Let o(g) = 6*g**3 - 5*g**2 + 2 + 5*g**k - 10*g**3 + g. Determine o(s).
7
Let i = 9 + -5. Suppose -5*x + 2*q = -8, q = -2*x - 3*q + 8. Let s(a) = -1 + 0 - x*a**2 + 2*a + a**2. Calculate s(i).
-9
Let f(c) = c**2 - 2. Let z(b) = -b**2 - b + 2. Let s(a) = 5*f(a) + 4*z(a). Determine s(3).
-5
Suppose 0 = -4*d + 3*d. Let t(y) = -56*y - y**2 - 5 + 56*y + 0*y**2. What is t(d)?
-5
Let j(l) = -l**2 - 7*l - 6. Let o be (17 - -3)/(-2) - -4. Calculate j(o).
0
Let w(h) be the second derivative of -h**5/20 - 5*h**4/12 - 2*h**3/3 - h**2 - h. Let b be -5*(1 + -2 + 0). Suppose -10 = -0*a + b*a. Give w(a).
-6
Let w = 9/2 + -4. Let p(t) be the first derivative of -3 - 3*t + w*t**2. Give p(-3).
-6
Suppose 3*a = 4*a. Suppose a = 3*n - 5*n - 5*s - 26, 18 = -2*n - 3*s. Let u(f) be the second derivative of f**4/12 + 2*f**3/3 + f**2/2 - f. Give u(n).
-2
Let t(m) = m - 9. Let s be t(6). Let j(x) = -x**2 - 1. Calculate j(s).
-10
Suppose -3*o + 21 = -51. Suppose -q + 5*k = 1, q - o = -4*q - 4*k. Let f be q + 1/((-2)/(-2)). Let w(d) = -d**2 + 5*d. Give w(f).
0
Let c(j) = j**2 + 2*j - 2. Let r(n) = -n - 6. Let s be r(5). Let d = 7 + s. Calculate c(d).
6
Let t = 1 - -2. Let d(w) = -w**3 + 2*w**2 - 2*w + 2 - 3 - 3*w**2 + t*w. Determine d(-2).
1
Suppose -t + 4*c + c = -21, 0 = -3*t + 3*c + 3. Let w(u) = -u**3 - 4*u**2 + u + 4. Let b be w(t). Let s(v) = -v**2 + 9. Determine s(b).
9
Let k(a) = -a**3 + a**2 + a + 2. Let p(m) = m**3 + 2*m**2 - m + 4. Let w be p(-3). Let q be (w - 1)*4/(-6). Determine k(q).
0
Suppose 0 = 3*u + 1 - 10. Let a(b) = b**2 - 4*b - 1. Determine a(u).
-4
Let c(l) be the first derivative of 2*l**2 - 4*l - 20. Let d(v) = -5 + 4 + v**3 + v - 6*v**2 - 2. Let z be d(6). What is c(z)?
8
Let s(p) = -4*p**3 + 4*p**2 - 4. Let n(i) = 11*i**3 - 12*i**2 - i + 11. Let d(v) = -3*n(v) - 8*s(v). Determine d(5).
-11
Let l(x) = x**3 - x**2 - x. Let c(t) = -t**3 - 3*t**2 + 7*t - 1. Let i(u) = c(u) + 2*l(u). Determine i(4).
3
Let c(p) = p**3 + 4*p**2 - 4*p + 5. Suppose -3*d + 1 = 16. Determine c(d).
0
Let a be 3 + (18/63 - 19/(-7)). Let i(s) = -s**2 + 3*s + 1. What is i(a)?
-17
Suppose -3*b + 4 = 4*g + b, b + 5 = 0. Let n(x) be the third derivative of x**5/60 - 7*x**4/24 - x**2. Determine n(g).
-6
Let q(w) = -w**3 + w**2 - 1. Let r(d) = -d**2 - 4*d. Let x be r(-4). Suppose -5*n + 0*n + 15 = x. Suppose n*h - 5*h = 2. Calculate q(h).
1
Suppose f - 5*j = 0, -2*f - j = f. Let g(a) = 3*a**3 - a**2 - 2*a - 8. Let z(u) = 7*u**3 - 3*u**2 - 5*u - 17. Let o(b) = 5*g(b) - 2*z(b). Give o(f).
-6
Let k(l) = l - 1 - 2 + 9 + 9. Let x be 